te the remainder when 6733 is divided by 13.
12
What is the remainder when 1130 is divided by 224?
10
What is the remainder when 1053 is divided by 237?
105
Calculate the remainder when 654 is divided by 8.
6
Calculate the remainder when 759 is divided by 76.
75
Calculate the remainder when 227 is divided by 21.
17
What is the remainder when 466 is divided by 87?
31
Calculate the remainder when 439 is divided by 143.
10
Calculate the remainder when 1450 is divided by 18.
10
Calculate the remainder when 258 is divided by 87.
84
What is the remainder when 1389 is divided by 47?
26
Calculate the remainder when 176 is divided by 10.
6
Calculate the remainder when 842 is divided by 23.
14
Calculate the remainder when 1186 is divided by 568.
50
Calculate the remainder when 610 is divided by 34.
32
Calculate the remainder when 340 is divided by 150.
40
What is the remainder when 27 is divided by 14?
13
Calculate the remainder when 208 is divided by 19.
18
Calculate the remainder when 17773 is divided by 176.
173
What is the remainder when 338 is divided by 40?
18
Calculate the remainder when 169 is divided by 57.
55
What is the remainder when 65 is divided by 7?
2
What is the remainder when 71 is divided by 37?
34
Calculate the remainder when 216 is divided by 215.
1
What is the remainder when 104 is divided by 27?
23
Calculate the remainder when 497 is divided by 126.
119
Calculate the remainder when 780 is divided by 16.
12
Calculate the remainder when 1244 is divided by 15.
14
What is the remainder when 485 is divided by 123?
116
What is the remainder when 300 is divided by 295?
5
Calculate the remainder when 1580 is divided by 12.
8
What is the remainder when 43 is divided by 20?
3
Calculate the remainder when 3147 is divided by 9.
6
Calculate the remainder when 445 is divided by 3.
1
Calculate the remainder when 71 is divided by 20.
11
What is the remainder when 138 is divided by 37?
27
What is the remainder when 32 is divided by 20?
12
Calculate the remainder when 1571 is divided by 366.
107
Calculate the remainder when 308 is divided by 31.
29
What is the remainder when 468 is divided by 94?
92
What is the remainder when 291 is divided by 92?
15
Calculate the remainder when 948 is divided by 56.
52
Calculate the remainder when 101 is divided by 38.
25
What is the remainder when 824 is divided by 69?
65
Calculate the remainder when 1423 is divided by 238.
233
Calculate the remainder when 7604 is divided by 15.
14
Calculate the remainder when 705 is divided by 65.
55
Calculate the remainder when 62 is divided by 38.
24
Calculate the remainder when 51 is divided by 39.
12
What is the remainder when 473 is divided by 53?
49
What is the remainder when 57 is divided by 16?
9
Calculate the remainder when 13390 is divided by 124.
122
Calculate the remainder when 467 is divided by 67.
65
What is the remainder when 168 is divided by 55?
3
Calculate the remainder when 1841 is divided by 19.
17
What is the remainder when 85 is divided by 72?
13
What is the remainder when 644 is divided by 19?
17
What is the remainder when 1514 is divided by 85?
69
Calculate the remainder when 44 is divided by 19.
6
Calculate the remainder when 56 is divided by 38.
18
What is the remainder when 22362 is divided by 21?
18
Calculate the remainder when 47 is divided by 10.
7
Calculate the remainder when 398 is divided by 48.
14
What is the remainder when 243 is divided by 53?
31
Calculate the remainder when 81 is divided by 12.
9
What is the remainder when 400 is divided by 13?
10
Calculate the remainder when 317 is divided by 12.
5
What is the remainder when 11565 is divided by 43?
41
Calculate the remainder when 123 is divided by 45.
33
Calculate the remainder when 197 is divided by 100.
97
Calculate the remainder when 430 is divided by 180.
70
What is the remainder when 2684 is divided by 880?
44
Calculate the remainder when 218 is divided by 107.
4
Calculate the remainder when 262 is divided by 55.
42
What is the remainder when 324 is divided by 324?
0
What is the remainder when 42 is divided by 17?
8
What is the remainder when 642 is divided by 15?
12
What is the remainder when 588 is divided by 67?
52
What is the remainder when 971 is divided by 322?
5
What is the remainder when 1687 is divided by 13?
10
What is the remainder when 52 is divided by 37?
15
What is the remainder when 432 is divided by 14?
12
What is the remainder when 1389 is divided by 686?
17
Calculate the remainder when 77039 is divided by 15.
14
Calculate the remainder when 1825 is divided by 47.
39
Calculate the remainder when 76 is divided by 28.
20
Calculate the remainder when 684 is divided by 28.
12
What is the remainder when 316 is divided by 29?
26
What is the remainder when 2088 is divided by 512?
40
What is the remainder when 437 is divided by 209?
19
What is the remainder when 549 is divided by 110?
109
Calculate the remainder when 252 is divided by 87.
78
Calculate the remainder when 5684 is divided by 1891.
11
Calculate the remainder when 77 is divided by 26.
25
What is the remainder when 55 is divided by 32?
23
Calculate the remainder when 246 is divided by 23.
16
Calculate the remainder when 185 is divided by 22.
9
What is the remainder when 189 is divided by 48?
45
What is the remainder when 647 is divided by 81?
80
What is the remainder when 499 is divided by 42?
37
Calculate the remainder when 432 is divided by 7.
5
What is the remainder when 198 is divided by 68?
62
Calculate the remainder when 217 is divided by 44.
41
Calculate the remainder when 539 is divided by 36.
35
What is the remainder when 161 is divided by 69?
23
Calculate the remainder when 418 is divided by 141.
136
What is the remainder when 17103 is divided by 46?
37
Calculate the remainder when 1252 is divided by 5.
2
What is the remainder when 319 is divided by 147?
25
Calculate the remainder when 160 is divided by 28.
20
What is the remainder when 1603 is divided by 530?
13
What is the remainder when 281 is divided by 82?
35
What is the remainder when 1154 is divided by 226?
24
Calculate the remainder when 3707 is divided by 16.
11
Calculate the remainder when 6279 is divided by 72.
15
What is the remainder when 234 is divided by 104?
26
What is the remainder when 8765 is divided by 16?
13
Calculate the remainder when 4858 is divided by 81.
79
Calculate the remainder when 478 is divided by 80.
78
Calculate the remainder when 83 is divided by 71.
12
What is the remainder when 147 is divided by 15?
12
What is the remainder when 198 is divided by 68?
62
Calculate the remainder when 380 is divided by 64.
60
Calculate the remainder when 709 is divided by 146.
125
What is the remainder when 452 is divided by 65?
62
What is the remainder when 339 is divided by 57?
54
What is the remainder when 84 is divided by 51?
33
What is the remainder when 519 is divided by 116?
55
What is the remainder when 6474 is divided by 30?
24
Calculate the remainder when 69 is divided by 42.
27
Calculate the remainder when 537 is divided by 128.
25
What is the remainder when 7730 is divided by 11?
8
Calculate the remainder when 79 is divided by 21.
16
What is the remainder when 3549 is divided by 707?
14
What is the remainder when 37 is divided by 7?
2
Calculate the remainder when 2079 is divided by 104.
103
What is the remainder when 2110 is divided by 15?
10
Calculate the remainder when 114 is divided by 34.
12
What is the remainder when 1758 is divided by 80?
78
What is the remainder when 252 is divided by 15?
12
Calculate the remainder when 338 is divided by 68.
66
What is the remainder when 270 is divided by 135?
0
What is the remainder when 19 is divided by 2?
1
What is the remainder when 4743 is divided by 24?
15
What is the remainder when 199 is divided by 42?
31
What is the remainder when 3852 is divided by 3?
0
Calculate the remainder when 2091 is divided by 1041.
9
What is the remainder when 1853 is divided by 18?
17
What is the remainder when 2089 is divided by 521?
5
Calculate the remainder when 307 is divided by 305.
2
What is the remainder when 560 is divided by 104?
40
What is the remainder when 1129 is divided by 189?
184
What is the remainder when 195 is divided by 6?
3
What is the remainder when 695 is divided by 21?
2
Cal